et c be v(0). Let b(o) = -3*o + 6. What is b(c)?
-12
Let o(q) = -2*q + 51. Let m be o(26). Let r(k) = 15*k**3 - k**2 + 1. Give r(m).
-15
Let r be 4/(-16) - 114/(-8). Suppose -3*b = 2*x - r - 6, 0 = -2*x + 5*b - 12. Let n(o) = 0 + o + 6 - 2 - 5*o. Calculate n(x).
-12
Let m be (-2)/(-3) - (42/9 + -2). Let z be (30/75)/(m/(-15)). Let n(a) = 6*a - 3. Determine n(z).
15
Let h(r) = -7*r - 7*r + 13*r - 7. Let m(q) = q**3 - 2*q**2 - 16*q + 1. Let d be m(5). Determine h(d).
-3
Let o = 16 + -6. Let w(m) = -m**3 + 9*m**2 + 11*m - 8. Let y be w(o). Let u be 5 + 0 + 2/y. Let r(n) = -n**3 + 6*n**2 - n + 5. What is r(u)?
-1
Let l(o) = 2*o**3 - 17*o**2 - o + 25. Let i(r) = -3*r**3 + 26*r**2 + 2*r - 38. Let m(x) = -5*i(x) - 8*l(x). Determine m(5).
5
Let i(q) = -q**2 + q + 2. Let f(n) = n**3 + 2*n**2. Let r be f(-3). Let y = 4 + r. Let s be y*(68/20 + -3). What is i(s)?
-4
Let f(m) = 5*m - 3*m**2 - m**2 + 3*m**2 + 1. Let i(u) = -4*u**3 + 13*u**2 - 3*u. Let r(j) = -j**3 + j**2. Let o(s) = -i(s) + 6*r(s). Let a be o(-4). Give f(a).
5
Let b(y) = -2*y + 0*y + 8 + y + 10 - 15. What is b(0)?
3
Let p(m) = m**2 - 6*m - 4. Let f = -58 - -64. Determine p(f).
-4
Suppose -4*g = -2*a - 22, 24 = 3*g + 2*g + a. Let n = 1 + g. Suppose 6 = -4*h - n. Let b(w) = w**3 + 4*w**2 + 2*w + 3. What is b(h)?
6
Let p(j) = j**3 - 7*j**2 - 11*j + 1. Suppose 14 = 5*g - 1. Suppose 2*o + 4*w - 20 = 0, -38 = -2*o - g*o + 2*w. Determine p(o).
-23
Let j(a) be the first derivative of -a**3/3 + 3*a**2 + 7*a + 4113. Suppose -2*h - 15 = 3*h. Let m be 2 + h/((-3)/4). Give j(m).
7
Suppose 9 = 25*p - 141. Let q(i) = i**2 - 5*i. What is q(p)?
6
Let p(q) = q**3 + 2*q**2 - 4*q - 1. Let o(l) = -l**3 - 5*l**2 - 7*l - 9. Let d be o(-4). Suppose 33 = -12*g - d. Determine p(g).
2
Suppose h - 25 = -23. Let q(u) be the second derivative of -u**4/12 + u**3/2 - u**2/2 + 8*u. Calculate q(h).
1
Let c(w) be the third derivative of -w**6/360 + w**4/6 - 3*w**3/2 + 10*w**2. Let o(l) be the first derivative of c(l). Calculate o(-3).
-5
Let q(u) = -u**2 - 6*u + 8. Suppose -10 + 16 = -w. Determine q(w).
8
Let q(i) = -i**2 - 6*i + 4. Suppose 16*o + 129 = 1. Calculate q(o).
-12
Let m be 42*1*(35/15 + -3). Suppose -3*y + 6 = -y. Let o be m/(-12) - (-2)/y. Let r(h) = -h**2 + 4*h - 1. Calculate r(o).
2
Let s(u) = -3*u - 69 + 69 + 2*u. Let x(w) = 5*w + 2. Let p(f) = 4*s(f) + x(f). Give p(6).
8
Let y(h) = 4*h. Let x(s) = -16*s + 1. Let f(t) = -x(t) - 6*y(t). Determine f(3).
-25
Let h(x) = x**2 + 2*x + 2. Let y = 1274 + -1276. Determine h(y).
2
Let w(v) be the third derivative of 0*v - 1/40*v**5 + 0*v**3 + 7*v**2 + 1/720*v**6 + 1/3*v**4 + 0. Let z(g) be the second derivative of w(g). Calculate z(-3).
-6
Let o(g) = -5*g - 4 + 7*g**2 + 10*g**2 - 5*g**2 + 10*g**2. Let m(w) = 22*w**2 - 6*w - 5. Let s(q) = 4*m(q) - 5*o(q). Let l = 1 + 0. Calculate s(l).
-21
Let y(l) = l**2 + 5*l - 6. Let s(c) = 2*c**2 - 7*c - 4. Let p be s(4). Suppose p = 2*r - 2*o + 2, -2*r = -3*o - o - 8. Calculate y(r).
0
Let j = 556 - 551. Let x(o) = 2*o - o - o**2 - 4 + 7. What is x(j)?
-17
Let s(m) = -m - 3. Let h be (1 - (-10)/(-7)) + (-15)/(-35). Let b be (h + 0/3)*-1. Calculate s(b).
-3
Let o(x) = 2*x**3 - 15*x**2 - 15*x - 8. Let n(i) = i**3 - 7*i**2 - 7*i - 4. Let g(t) = 5*n(t) - 2*o(t). Let m = -7 + 13. What is g(m)?
2
Let f(d) = d**2 - d + 2. Let p be (-2)/6*(-19 + 19). Determine f(p).
2
Let w(f) = -f - 8 + 2*f**2 + 6*f**2 - 11*f**2 + 6*f**2 - 2*f**2. What is w(3)?
-2
Let i(a) = -3*a**2 - 1. Let k(m) = -m**3 + 6*m**2 - 4*m - 3. Let f be k(5). Suppose -12 = f*p - 24. Suppose -y = 5*y + p. Calculate i(y).
-4
Let o(m) = m**2 + 4*m - 2. Let p be o(-6). Let i(h) = -p + 4*h**3 - 3*h**3 + 9 - 6*h + 3*h**2. Determine i(-4).
7
Let c(k) = k**3 - 2*k**2 + 6*k - 3. Let z = 210 + -208. Give c(z).
9
Let f(h) be the third derivative of h**6/120 + 3*h**5/20 + h**4/4 - 4*h**3/3 - 2*h**2 + 102*h. Give f(-8).
8
Let d be (7 - -1)/(233 - 231). Let v(z) = z**3 - 2*z**2 + 2. Let g be v(2). Let i(y) = -4 - 5*y**2 + g - 2*y + y**3 + 6*y. Give i(d).
-2
Let u(k) = k**2 - 2*k - 4. Suppose -2*c + 8 = 5*f - 3*f, 3*c - 22 = 2*f. Let t be (-16)/(-3) - (0 - (-2)/c). Determine u(t).
11
Let f be 3*(-4)/(-15)*5. Let x be (-2)/(((-20)/(-15) + -1)*-1). Let q(j) = -f*j + 8 + x + 2*j - 7. Determine q(5).
-3
Let i(o) = -o + 1. Let y(q) = 4*q - 3. Let p(v) = 6*i(v) + 2*y(v). Let t(k) = 3*k - 2. Let x(g) = -2*p(g) + t(g). Calculate x(-11).
9
Suppose 46 + 54 = -25*l. Let g(x) = 5*x. What is g(l)?
-20
Let k(p) = 7*p**2 - 23*p - 7. Let a(z) = -3*z**2 + 10*z + 3. Let u(x) = -9*a(x) - 4*k(x). Give u(6).
-23
Let o(g) = g**3 + 7*g**2 + 4. Suppose 4*c - 6 + 34 = 0. Calculate o(c).
4
Suppose 5*j = 5*y + 50, 3*j = j + 8. Let a be ((-16)/3)/8 - (-2)/y. Let z(r) = 11*r**2 + r. Give z(a).
10
Suppose 8*v - 15 = 7*v. Let s = -20 + v. Let x(y) = y**3 + 5*y**2 + y + 7. Calculate x(s).
2
Let g(v) be the first derivative of -v**4/12 - v**3/2 - v**2/2 + v - 1. Let l(o) be the first derivative of g(o). Let t = -536 - -533. Determine l(t).
-1
Let b(j) be the second derivative of -j**5/20 + 5*j**4/12 + j**3/2 - 2*j**2 - 2*j + 103. What is b(5)?
11
Let m(j) = -4 + 5 - 2*j + 2 + 2 + 15. Determine m(8).
4
Let n(t) be the third derivative of 1/60*t**5 + 0*t + 0 - 1/8*t**4 + 1/3*t**3 + 10*t**2. Calculate n(2).
0
Let l(j) be the second derivative of j**5/20 + j**4/12 + 2*j. Let s = 13 + -5. Suppose -s = -5*q + 9*q. What is l(q)?
-4
Let o = -1 + 1. Let r(p) = 2*p**2 + 5*p + 1. Let x(a) = 13*a + 8*a - 24*a - a**2. Let z(n) = -4*r(n) - 7*x(n). Calculate z(o).
-4
Let w(h) be the third derivative of h**5/60 - h**4/24 + h**2 + 105. Let p = 0 + 2. Let v(i) = 2*i - 3. Let d be v(p). Give w(d).
0
Let n(v) = v**2 + 13*v - 1. Let q = -350 - -337. Give n(q).
-1
Let x(q) be the second derivative of 26*q - 1/2*q**3 - 1/12*q**4 + 0 + 9/2*q**2. Determine x(-7).
-19
Let u(t) be the third derivative of 7*t**2 + 1/3*t**3 - 1/4*t**4 + 0 + 0*t - 1/60*t**5. Determine u(-7).
-5
Suppose -5*w = -3*q + 1, q - 3 = -w - 0. Let c be w/(-3 - (-40)/12). Let r(m) = 0*m**2 + m**2 + 1 - 3*m + c*m**2 - 2*m**2 - m**3. Give r(2).
-5
Suppose -43*y = -50*y - 21. Let z(w) be the third derivative of w**6/120 + w**5/30 - w**4/12 - 2*w**3/3 - w**2. Give z(y).
-7
Let x(r) = -2*r**3 + 7*r**2 - 3*r + 2. Let v(o) = 4*o**3 - 15*o**2 + 6*o - 4. Let k(i) = 3*v(i) + 7*x(i). Let g be (-6)/(-30) - (-18)/10. Determine k(g).
-4
Let u(z) be the third derivative of -26*z**2 + 0*z**3 + 0*z + 1/2*z**4 + 0. Give u(-1).
-12
Let b be (252/3456)/((-2)/(-8)*1). Let p(h) be the third derivative of 0 + 3*h**2 + 0*h + 3/2*h**3 + b*h**4 + 1/60*h**5. What is p(-6)?
3
Let b(z) = -53*z**2 + 8*z - 5. Let y be ((-8)/3)/((-5)/(-15)). Let g(c) = 18*c**2 - 3*c + 2. Let m(a) = y*g(a) - 3*b(a). Let h = 8 + -9. What is m(h)?
14
Let z(p) = -p**2 - 7*p. Let f(a) = a**2 - 9*a + 17. Let v be f(7). Suppose v*r + 2*j = 0, 4*j = -3*r - r. Suppose r = -4*n - n - 30. Calculate z(n).
6
Suppose 0 = 2*k - 12*k + 40. Let w(a) = -4 + 3*a**2 - 1 - k*a**2 + 5*a + 2*a**2. Give w(-6).
1
Let a(x) = -x**3 - 5*x**2 + 7. Suppose 5*d = -15, -8 = -j - d + 1. Suppose 0 = 4*f + j, -f + 5*f = -5*n - 327. Let k be 329/n - 4/(-18). What is a(k)?
7
Let q(b) = 2*b - 2. Let o be (6/4)/(9/96). Let u = 54 - 72. Let d = u + o. Calculate q(d).
-6
Let v(y) = y**3 + 2*y**2 + y - 1. Let s be v(-3). Let p = 14 + s. Let z(d) = -d + 0 - 2 - p. Determine z(-2).
-1
Let p(z) = -3 + 0 + 4 + 2*z**2. Suppose 0*v - 3*v - 15 = m, -5*m + 39 = -4*v. Let u(f) = f**2 + 7*f + 7. Let c be u(v). What is p(c)?
3
Let m(f) = f**2 - 5*f + 2. Let r(k) = -k**2 + k - 1. Let g(c) = -m(c) - 3*r(c). Let l be (9 - 3 - 5)/(-1). Give g(l).
1
Let r(a) = 46 - a + 10926*a**2 + 23*a - 10925*a**2. What is r(-20)?
6
Let p(s) be the second derivative of s**7/2520 + s**6/360 - s**5/120 - 11*s**4/12 + 11*s. Let h(c) be the third derivative of p(c). What is h(-2)?
-1
Let f = -6 + -1. Let t = -134 - -135. Let w(i) = i + 14. Let z(l) = -1. Let m(h) = t*w(h) + 4*z(h). Calculate m(f).
3
Suppose 72 = -15*w - 3. Let v(f) = -2*f**2 - 11*f - 12. Give v(w).
-7
Let u(g) = -g**2 + 3. Suppose -7*l + 30 = -19. Let d be 69/21 - 2/l. Determine u(d).
-6
Suppose -87 = -19*m - 163. Let y(o) = o**2 + 5*o + 10. What is y(m)?
6
Let x(n) = -n**3 + 16*n**2 + 36*n + 3. Let q be x(18). Let t = q - 4. Let